{"id":1419,"date":"2021-06-02T00:36:39","date_gmt":"2021-06-02T00:36:39","guid":{"rendered":"https:\/\/flaxuruguay.com\/web\/?post_type=product&#038;p=1419"},"modified":"2021-06-02T00:36:39","modified_gmt":"2021-06-02T00:36:39","slug":"plc-3000","status":"publish","type":"product","link":"https:\/\/flaxuruguay.com\/web\/producto\/plc-3000\/","title":{"rendered":"PLC 3000"},"content":{"rendered":"<p><img decoding=\"async\" class=\"wp-image-809 size-full alignleft\" src=\"https:\/\/flaxuruguay.com\/web\/wp-content\/uploads\/2021\/03\/logo_01-e1616980778794.png\" alt=\"\" width=\"150\" height=\"79\" \/><\/p>\n<p>&nbsp;<\/p>\n<p>&nbsp;<\/p>\n<p>&nbsp;<\/p>\n<p>&nbsp;<\/p>\n<p><span data-sheets-value=\"{&quot;1&quot;:2,&quot;2&quot;:&quot;Est\u00e1 dise\u00f1ada para el llenado de cualquier tipo de granos o polvos granulados&quot;}\">Est\u00e1 dise\u00f1ada para el llenado de cualquier tipo de granos o polvos granulados<\/span><\/p>\n<p><span data-sheets-value=\"{&quot;1&quot;:2,&quot;2&quot;:&quot;Rango de llenado de 20 a 2000 grs.&quot;}\">Rango de llenado de 20 a 2000 grs.<\/span><\/p>\n<ul>\n<li>Para procesos de envasado semi-autom\u00e1ticos.<\/li>\n<li>Se activa con pedal o sensor.<\/li>\n<li>Dispone de un control de llenado con sistema de 2 vibradores y control de intensidad.<\/li>\n<li>Medici\u00f3n de peso a trav\u00e9s de celda de carga de primera generaci\u00f3n.<\/li>\n<li>Construcci\u00f3n en acero inoxidable.<\/li>\n<li>Pantalla touch 7\u00a8.<\/li>\n<li>PLC Siemens para su programaci\u00f3n.<\/li>\n<li>Interface amigable y sencilla<\/li>\n<\/ul>\n<p>Se activa por sensor o pedal<\/p>\n","protected":false},"excerpt":{"rendered":"<p><span data-sheets-value=\"{&quot;1&quot;:2,&quot;2&quot;:&quot;Dispensadora de Balanza por PLC mod. 3000&quot;}\">Dispensadora de Balanza por PLC mod. 3000<\/span><\/p>\n","protected":false},"featured_media":1418,"comment_status":"closed","ping_status":"closed","template":"","meta":[],"product_brand":[],"product_cat":[50,54,31],"product_tag":[],"class_list":{"0":"post-1419","1":"product","2":"type-product","3":"status-publish","4":"has-post-thumbnail","6":"product_cat-dispensadoras-de-balanza-por-plc","7":"product_cat-flax-dispensadoras-de-balanza-por-plc","8":"product_cat-lineas-de-envasado-semi-automatico","10":"first","11":"instock","12":"shipping-taxable","13":"product-type-simple"},"_links":{"self":[{"href":"https:\/\/flaxuruguay.com\/web\/wp-json\/wp\/v2\/product\/1419","targetHints":{"allow":["GET"]}}],"collection":[{"href":"https:\/\/flaxuruguay.com\/web\/wp-json\/wp\/v2\/product"}],"about":[{"href":"https:\/\/flaxuruguay.com\/web\/wp-json\/wp\/v2\/types\/product"}],"replies":[{"embeddable":true,"href":"https:\/\/flaxuruguay.com\/web\/wp-json\/wp\/v2\/comments?post=1419"}],"wp:featuredmedia":[{"embeddable":true,"href":"https:\/\/flaxuruguay.com\/web\/wp-json\/wp\/v2\/media\/1418"}],"wp:attachment":[{"href":"https:\/\/flaxuruguay.com\/web\/wp-json\/wp\/v2\/media?parent=1419"}],"wp:term":[{"taxonomy":"product_brand","embeddable":true,"href":"https:\/\/flaxuruguay.com\/web\/wp-json\/wp\/v2\/product_brand?post=1419"},{"taxonomy":"product_cat","embeddable":true,"href":"https:\/\/flaxuruguay.com\/web\/wp-json\/wp\/v2\/product_cat?post=1419"},{"taxonomy":"product_tag","embeddable":true,"href":"https:\/\/flaxuruguay.com\/web\/wp-json\/wp\/v2\/product_tag?post=1419"}],"curies":[{"name":"wp","href":"https:\/\/api.w.org\/{rel}","templated":true}]}}