{"id":2087,"date":"2026-04-21T16:24:36","date_gmt":"2026-04-21T16:24:36","guid":{"rendered":"https:\/\/flaxuruguay.com\/web\/?post_type=product&#038;p=2087"},"modified":"2026-04-21T16:33:43","modified_gmt":"2026-04-21T16:33:43","slug":"hvc-310","status":"publish","type":"product","link":"https:\/\/flaxuruguay.com\/web\/producto\/hvc-310\/","title":{"rendered":"HVC-310"},"content":{"rendered":"<p><img decoding=\"async\" class=\"alignnone wp-image-809 size-full\" src=\"https:\/\/flaxuruguay.com\/web\/wp-content\/uploads\/2021\/03\/logo_01-e1616980778794.png\" alt=\"\" width=\"150\" height=\"79\" \/><\/p>\n<p><strong>Envasadora de vac\u00edo de mesada. HVC-310<\/strong><\/p>\n<p><strong>Con sistema High Vacuum de 100 kPa ofrece un sellado confiable que ayuda a conservar mejor los productos y mejorar su presentaci\u00f3n.<\/strong><\/p>\n<div>Sellado al vac\u00edo con m\u00e1xima profundidad y precisi\u00f3n<\/div>\n<p style=\"padding-left: 40px;\">\u2714\ufe0f Alto nivel de vac\u00edo<br \/>\n\u2714\ufe0f Compatible con diversos materiales de empaque<br \/>\n\u2714\ufe0f Ideal para alimentos y distintos tipos de productos<\/p>\n<p>\ud83d\udcb3 Financi\u00e1 el 100% de tu equipo<\/p>\n","protected":false},"excerpt":{"rendered":"<p><strong>Envasadora de vac\u00edo de mesada. HVC-310<\/strong><\/p>\n<p>&nbsp;<\/p>\n","protected":false},"featured_media":2088,"comment_status":"closed","ping_status":"closed","template":"","meta":[],"product_brand":[],"product_cat":[87,88,30],"product_tag":[],"class_list":{"0":"post-2087","1":"product","2":"type-product","3":"status-publish","4":"has-post-thumbnail","6":"product_cat-envasadoras-de-vacio","7":"product_cat-flax-envasadoras-de-vacio","8":"product_cat-envasadoras","10":"first","11":"instock","12":"shipping-taxable","13":"product-type-simple"},"_links":{"self":[{"href":"https:\/\/flaxuruguay.com\/web\/wp-json\/wp\/v2\/product\/2087","targetHints":{"allow":["GET"]}}],"collection":[{"href":"https:\/\/flaxuruguay.com\/web\/wp-json\/wp\/v2\/product"}],"about":[{"href":"https:\/\/flaxuruguay.com\/web\/wp-json\/wp\/v2\/types\/product"}],"replies":[{"embeddable":true,"href":"https:\/\/flaxuruguay.com\/web\/wp-json\/wp\/v2\/comments?post=2087"}],"wp:featuredmedia":[{"embeddable":true,"href":"https:\/\/flaxuruguay.com\/web\/wp-json\/wp\/v2\/media\/2088"}],"wp:attachment":[{"href":"https:\/\/flaxuruguay.com\/web\/wp-json\/wp\/v2\/media?parent=2087"}],"wp:term":[{"taxonomy":"product_brand","embeddable":true,"href":"https:\/\/flaxuruguay.com\/web\/wp-json\/wp\/v2\/product_brand?post=2087"},{"taxonomy":"product_cat","embeddable":true,"href":"https:\/\/flaxuruguay.com\/web\/wp-json\/wp\/v2\/product_cat?post=2087"},{"taxonomy":"product_tag","embeddable":true,"href":"https:\/\/flaxuruguay.com\/web\/wp-json\/wp\/v2\/product_tag?post=2087"}],"curies":[{"name":"wp","href":"https:\/\/api.w.org\/{rel}","templated":true}]}}