{"id":2096,"date":"2026-04-21T16:33:59","date_gmt":"2026-04-21T16:33:59","guid":{"rendered":"https:\/\/flaxuruguay.com\/web\/?post_type=product&#038;p=2096"},"modified":"2026-04-21T16:43:03","modified_gmt":"2026-04-21T16:43:03","slug":"hv-450r-4s","status":"publish","type":"product","link":"https:\/\/flaxuruguay.com\/web\/producto\/hv-450r-4s\/","title":{"rendered":"HV 450R 4S"},"content":{"rendered":"<p><img decoding=\"async\" class=\"alignnone wp-image-809 size-full\" src=\"https:\/\/flaxuruguay.com\/web\/wp-content\/uploads\/2021\/03\/logo_01-e1616980778794.png\" alt=\"\" width=\"150\" height=\"79\" \/><\/p>\n<p><strong>Envasadora al vac\u00edo con bandeja giratoria. Modelo HV 450R 4S<\/strong><\/p>\n<p><strong>Permite envasar bandejas al vac\u00edo y con atm\u00f3sfera modificada, logrando productos mejor protegidos, con mayor vida \u00fatil y una presentaci\u00f3n profesional para el punto de venta.<\/strong><\/p>\n<p>La HV 450R 4S optimiza el proceso de envasado de bandejas con tecnolog\u00eda de vac\u00edo y atm\u00f3sfera modificada, aumentando la productividad entre 35% y 40% frente a modelos convencionales.<\/p>\n<p style=\"padding-left: 40px;\">\u2714\ufe0f Construcci\u00f3n en acero inoxidable grado alimenticio\u00a0<a class=\"x1i10hfl xjbqb8w x1ejq31n x18oe1m7 x1sy0etr xstzfhl x972fbf x10w94by x1qhh985 x14e42zd x9f619 x1ypdohk xt0psk2 x3ct3a4 xdj266r x14z9mp xat24cr x1lziwak xexx8yu xyri2b x18d9i69 x1c1uobl x16tdsg8 x1hl2dhg xggy1nq x1a2a7pz _aa9_ _a6hd\" tabindex=\"0\" role=\"link\" href=\"https:\/\/www.instagram.com\/explore\/tags\/304\/\">#304<\/a><br \/>\n\u2714\ufe0f Sistema autom\u00e1tico de alimentaci\u00f3n de film para mayor limpieza y eficiencia<br \/>\n\u2714\ufe0f Motor de alta precisi\u00f3n, estable y duradero<\/p>\n<p>\ud83d\udcb3 Financi\u00e1 el 100% de tu equipo<\/p>\n","protected":false},"excerpt":{"rendered":"<p><strong>Envasadora al vac\u00edo con bandeja giratoria. Modelo HV 450R 4S<\/strong><\/p>\n<p><strong>Permite envasar bandejas al vac\u00edo y con atm\u00f3sfera modificada, logrando productos mejor protegidos, con mayor vida \u00fatil y una presentaci\u00f3n profesional para el punto de venta.<\/strong><\/p>\n<p><a href=\"https:\/\/www.instagram.com\/p\/DWrBR8VE_Fi\/\">https:\/\/www.instagram.com\/p\/DWrBR8VE_Fi\/<\/a><\/p>\n<p>&nbsp;<\/p>\n","protected":false},"featured_media":2097,"comment_status":"closed","ping_status":"closed","template":"","meta":[],"product_brand":[],"product_cat":[87,88,30],"product_tag":[],"class_list":{"0":"post-2096","1":"product","2":"type-product","3":"status-publish","4":"has-post-thumbnail","6":"product_cat-envasadoras-de-vacio","7":"product_cat-flax-envasadoras-de-vacio","8":"product_cat-envasadoras","10":"first","11":"instock","12":"shipping-taxable","13":"product-type-simple"},"_links":{"self":[{"href":"https:\/\/flaxuruguay.com\/web\/wp-json\/wp\/v2\/product\/2096","targetHints":{"allow":["GET"]}}],"collection":[{"href":"https:\/\/flaxuruguay.com\/web\/wp-json\/wp\/v2\/product"}],"about":[{"href":"https:\/\/flaxuruguay.com\/web\/wp-json\/wp\/v2\/types\/product"}],"replies":[{"embeddable":true,"href":"https:\/\/flaxuruguay.com\/web\/wp-json\/wp\/v2\/comments?post=2096"}],"wp:featuredmedia":[{"embeddable":true,"href":"https:\/\/flaxuruguay.com\/web\/wp-json\/wp\/v2\/media\/2097"}],"wp:attachment":[{"href":"https:\/\/flaxuruguay.com\/web\/wp-json\/wp\/v2\/media?parent=2096"}],"wp:term":[{"taxonomy":"product_brand","embeddable":true,"href":"https:\/\/flaxuruguay.com\/web\/wp-json\/wp\/v2\/product_brand?post=2096"},{"taxonomy":"product_cat","embeddable":true,"href":"https:\/\/flaxuruguay.com\/web\/wp-json\/wp\/v2\/product_cat?post=2096"},{"taxonomy":"product_tag","embeddable":true,"href":"https:\/\/flaxuruguay.com\/web\/wp-json\/wp\/v2\/product_tag?post=2096"}],"curies":[{"name":"wp","href":"https:\/\/api.w.org\/{rel}","templated":true}]}}