{"id":588,"date":"2021-02-10T16:13:53","date_gmt":"2021-02-10T16:13:53","guid":{"rendered":"https:\/\/flaxuruguay.com\/web\/?post_type=product&#038;p=588"},"modified":"2021-04-12T22:08:21","modified_gmt":"2021-04-12T22:08:21","slug":"alpha-jet-5hs","status":"publish","type":"product","link":"https:\/\/flaxuruguay.com\/web\/producto\/alpha-jet-5hs\/","title":{"rendered":"Alpha JET 5HS"},"content":{"rendered":"<p>\u00b7\u00a0 \u00a0 \u00a0 \u00a0 Tecnolog\u00eda Smart Start<br \/>\n\u00b7\u00a0\u00a0\u00a0\u00a0\u00a0\u00a0\u00a0 24 Pixeles de altura<br \/>\n\u00b7\u00a0\u00a0\u00a0\u00a0\u00a0\u00a0\u00a0 4 l\u00edneas de impresi\u00f3n<br \/>\n\u00b7\u00a0\u00a0\u00a0\u00a0\u00a0\u00a0\u00a0 0.8 a 15 mm altura de fuente<br \/>\n\u00b7\u00a0\u00a0\u00a0\u00a0\u00a0\u00a0\u00a0 Velocidad de impresi\u00f3n con 2.5mm de caracteres 600 m\/min<br \/>\n\u00b7\u00a0\u00a0\u00a0\u00a0\u00a0\u00a0\u00a0 Velocidad m\u00e1xima del producto 1300m\/min<br \/>\n\u00b7\u00a0\u00a0\u00a0\u00a0\u00a0\u00a0\u00a0 Tama\u00f1o de boquilla 55 mic.<br \/>\n\u00b7\u00a0\u00a0\u00a0\u00a0\u00a0\u00a0\u00a0 Pude utilizar tinta pigmentada o tinta a base de colorante.<br \/>\n\u00b7\u00a0\u00a0\u00a0\u00a0\u00a0\u00a0\u00a0 Protecci\u00f3n IP 65.<br \/>\n\u00b7\u00a0\u00a0\u00a0\u00a0\u00a0\u00a0\u00a0 Posee recirculaci\u00f3n de solvente.<br \/>\n\u00b7\u00a0\u00a0\u00a0\u00a0\u00a0\u00a0\u00a0 Cierre automtico de boquilla.<br \/>\n\u00b7\u00a0\u00a0\u00a0\u00a0\u00a0\u00a0\u00a0 Pantalla t\u00e1ctil TFT 10.4\u00a8<\/p>\n<p><strong>5 buenas razones para elegir alphaJET:<\/strong><br \/>\n1- Bajo consumo menor a 2ml \/ hora de solvente. La de menor consumo a nivel mundial<br \/>\n2- M\u00e1xima fiabilidad de producci\u00f3n. Tiempo de actividad de la m\u00e1quina superior al 99%.<br \/>\n3- F\u00e1cil integraci\u00f3n y la impresi\u00f3n de alta velocidad aumentan su productividad.<br \/>\n4- La amplia gama de tintas permite reaccionar con flexibilidad a las necesidades del cliente.<br \/>\n5- Un equipo de ventas y servicio competente lo respalda en todo momento<\/p>\n<p>Muestras de impresi\u00f3n:<br \/>\n<img fetchpriority=\"high\" decoding=\"async\" class=\"alignnone size-medium wp-image-573\" src=\"https:\/\/flaxuruguay.com\/web\/wp-content\/uploads\/2021\/02\/samples-300x201.png\" alt=\"KBA - muestras de impresi\u00f3n\" width=\"300\" height=\"201\" srcset=\"https:\/\/flaxuruguay.com\/web\/wp-content\/uploads\/2021\/02\/samples-300x201.png 300w, https:\/\/flaxuruguay.com\/web\/wp-content\/uploads\/2021\/02\/samples-600x401.png 600w, https:\/\/flaxuruguay.com\/web\/wp-content\/uploads\/2021\/02\/samples-768x514.png 768w, https:\/\/flaxuruguay.com\/web\/wp-content\/uploads\/2021\/02\/samples-780x522.png 780w, https:\/\/flaxuruguay.com\/web\/wp-content\/uploads\/2021\/02\/samples-400x268.png 400w, https:\/\/flaxuruguay.com\/web\/wp-content\/uploads\/2021\/02\/samples-272x182.png 272w, https:\/\/flaxuruguay.com\/web\/wp-content\/uploads\/2021\/02\/samples.png 867w\" sizes=\"(max-width: 300px) 100vw, 300px\" \/><\/p>\n","protected":false},"excerpt":{"rendered":"<p>Equipo codificador ink jet.<br \/>\nImpresora de alta calidad, eficiencia y bajos costos operativos.<\/p>\n<p><strong>FLEXIBILITY\u00a0\u00a0\u00a0\u00a0 INTEGRATION\u00a0 \u00a0 \u00a0VELOCITY\u00a0 \u00a0 \u00a0ENDURANCE<\/strong><\/p>\n","protected":false},"featured_media":1006,"comment_status":"closed","ping_status":"closed","template":"","meta":[],"product_brand":[],"product_cat":[35,29,19],"product_tag":[],"class_list":{"0":"post-588","1":"product","2":"type-product","3":"status-publish","4":"has-post-thumbnail","6":"product_cat-kba","7":"product_cat-fechadoras-y-codificadoras","8":"product_cat-inkjet","10":"first","11":"instock","12":"shipping-taxable","13":"product-type-simple"},"_links":{"self":[{"href":"https:\/\/flaxuruguay.com\/web\/wp-json\/wp\/v2\/product\/588","targetHints":{"allow":["GET"]}}],"collection":[{"href":"https:\/\/flaxuruguay.com\/web\/wp-json\/wp\/v2\/product"}],"about":[{"href":"https:\/\/flaxuruguay.com\/web\/wp-json\/wp\/v2\/types\/product"}],"replies":[{"embeddable":true,"href":"https:\/\/flaxuruguay.com\/web\/wp-json\/wp\/v2\/comments?post=588"}],"wp:featuredmedia":[{"embeddable":true,"href":"https:\/\/flaxuruguay.com\/web\/wp-json\/wp\/v2\/media\/1006"}],"wp:attachment":[{"href":"https:\/\/flaxuruguay.com\/web\/wp-json\/wp\/v2\/media?parent=588"}],"wp:term":[{"taxonomy":"product_brand","embeddable":true,"href":"https:\/\/flaxuruguay.com\/web\/wp-json\/wp\/v2\/product_brand?post=588"},{"taxonomy":"product_cat","embeddable":true,"href":"https:\/\/flaxuruguay.com\/web\/wp-json\/wp\/v2\/product_cat?post=588"},{"taxonomy":"product_tag","embeddable":true,"href":"https:\/\/flaxuruguay.com\/web\/wp-json\/wp\/v2\/product_tag?post=588"}],"curies":[{"name":"wp","href":"https:\/\/api.w.org\/{rel}","templated":true}]}}