{"id":659,"date":"2021-02-12T13:41:52","date_gmt":"2021-02-12T13:41:52","guid":{"rendered":"https:\/\/flaxuruguay.com\/web\/?post_type=product&#038;p=659"},"modified":"2021-02-12T13:45:17","modified_gmt":"2021-02-12T13:45:17","slug":"flow-fx-250b","status":"publish","type":"product","link":"https:\/\/flaxuruguay.com\/web\/producto\/flow-fx-250b\/","title":{"rendered":"FLOW FX-250B"},"content":{"rendered":"<p><img decoding=\"async\" class=\"alignnone wp-image-381 size-thumbnail\" src=\"https:\/\/flaxuruguay.com\/web\/wp-content\/uploads\/2020\/07\/cropped-iconFlax-1-150x150.png\" alt=\"icono flax\" width=\"150\" height=\"150\" srcset=\"https:\/\/flaxuruguay.com\/web\/wp-content\/uploads\/2020\/07\/cropped-iconFlax-1-150x150.png 150w, https:\/\/flaxuruguay.com\/web\/wp-content\/uploads\/2020\/07\/cropped-iconFlax-1-300x300.png 300w, https:\/\/flaxuruguay.com\/web\/wp-content\/uploads\/2020\/07\/cropped-iconFlax-1-100x100.png 100w, https:\/\/flaxuruguay.com\/web\/wp-content\/uploads\/2020\/07\/cropped-iconFlax-1-400x400.png 400w, https:\/\/flaxuruguay.com\/web\/wp-content\/uploads\/2020\/07\/cropped-iconFlax-1.png 512w\" sizes=\"(max-width: 150px) 100vw, 150px\" \/><\/p>\n<p>Envasadoras autom\u00e1ticas horizontales tipo Flow-Pack son utilizadas para envasar todo tipo de objetos solidos como galletas, hamburguesas, alfajores, helados, golosinas, etc.<\/p>\n<p>\u00b7\u00a0\u00a0\u00a0\u00a0\u00a0\u00a0 Interface amigable, simple de programar los distintos parametros<br \/>\n\u00b7\u00a0\u00a0\u00a0\u00a0\u00a0\u00a0 Trabaja a alta velocidad con gran eficiencia<br \/>\n\u00b7\u00a0\u00a0\u00a0\u00a0\u00a0\u00a0 Tecnolog\u00eda de tracci\u00f3n fotoel\u00e9ctrica e input digital aseguran la exactitud del sellado y la posici\u00f3n del corte.<br \/>\n\u00b7\u00a0\u00a0\u00a0\u00a0\u00a0\u00a0 Control de temperatura inteligente que asegura una temperatura de sellado constante.<br \/>\n\u00b7\u00a0\u00a0\u00a0\u00a0\u00a0\u00a0 Pantalla Touch 7&#8243; a color<br \/>\n\u00b7\u00a0\u00a0\u00a0\u00a0\u00a0\u00a0 Controlador de conversi\u00f3n de frecuencia dual,<br \/>\n\u00b7\u00a0\u00a0\u00a0\u00a0\u00a0\u00a0 Posibilidad de incorporar gas inerte al producto ( opcional)<br \/>\n\u00b7\u00a0\u00a0\u00a0\u00a0\u00a0\u00a0 Posibilidad de incorporarle sistemas de codificaci\u00f3n, varios modelos dependiendo las necesidades y requerimientos<\/p>\n<p>Tama\u00f1o m\u00e1ximo del producto modelo FLOW FX-250B: 260mm x 110mm x 40mm (L x An x Al)<\/p>\n<p>&nbsp;<\/p>\n","protected":false},"excerpt":{"rendered":"<p>Envasadora autom\u00e1tica horizontal FLOW &#8211; FX250B<\/p>\n","protected":false},"featured_media":660,"comment_status":"closed","ping_status":"closed","template":"","meta":[],"product_brand":[],"product_cat":[43,46,30],"product_tag":[],"class_list":{"0":"post-659","1":"product","2":"type-product","3":"status-publish","4":"has-post-thumbnail","6":"product_cat-envasadoras-flow-pack","7":"product_cat-flax-envasadoras-flow-pack","8":"product_cat-envasadoras","10":"first","11":"instock","12":"shipping-taxable","13":"product-type-simple"},"_links":{"self":[{"href":"https:\/\/flaxuruguay.com\/web\/wp-json\/wp\/v2\/product\/659","targetHints":{"allow":["GET"]}}],"collection":[{"href":"https:\/\/flaxuruguay.com\/web\/wp-json\/wp\/v2\/product"}],"about":[{"href":"https:\/\/flaxuruguay.com\/web\/wp-json\/wp\/v2\/types\/product"}],"replies":[{"embeddable":true,"href":"https:\/\/flaxuruguay.com\/web\/wp-json\/wp\/v2\/comments?post=659"}],"wp:featuredmedia":[{"embeddable":true,"href":"https:\/\/flaxuruguay.com\/web\/wp-json\/wp\/v2\/media\/660"}],"wp:attachment":[{"href":"https:\/\/flaxuruguay.com\/web\/wp-json\/wp\/v2\/media?parent=659"}],"wp:term":[{"taxonomy":"product_brand","embeddable":true,"href":"https:\/\/flaxuruguay.com\/web\/wp-json\/wp\/v2\/product_brand?post=659"},{"taxonomy":"product_cat","embeddable":true,"href":"https:\/\/flaxuruguay.com\/web\/wp-json\/wp\/v2\/product_cat?post=659"},{"taxonomy":"product_tag","embeddable":true,"href":"https:\/\/flaxuruguay.com\/web\/wp-json\/wp\/v2\/product_tag?post=659"}],"curies":[{"name":"wp","href":"https:\/\/api.w.org\/{rel}","templated":true}]}}