{"id":752,"date":"2021-02-12T15:44:48","date_gmt":"2021-02-12T15:44:48","guid":{"rendered":"https:\/\/flaxuruguay.com\/web\/?post_type=product&#038;p=752"},"modified":"2021-02-12T15:46:01","modified_gmt":"2021-02-12T15:46:01","slug":"fx-1122hb","status":"publish","type":"product","link":"https:\/\/flaxuruguay.com\/web\/producto\/fx-1122hb\/","title":{"rendered":"FX-1122HB"},"content":{"rendered":"<p><img decoding=\"async\" class=\"alignnone size-thumbnail wp-image-381\" src=\"https:\/\/flaxuruguay.com\/web\/wp-content\/uploads\/2020\/07\/cropped-iconFlax-1-150x150.png\" alt=\"icono flax\" width=\"150\" height=\"150\" srcset=\"https:\/\/flaxuruguay.com\/web\/wp-content\/uploads\/2020\/07\/cropped-iconFlax-1-150x150.png 150w, https:\/\/flaxuruguay.com\/web\/wp-content\/uploads\/2020\/07\/cropped-iconFlax-1-300x300.png 300w, https:\/\/flaxuruguay.com\/web\/wp-content\/uploads\/2020\/07\/cropped-iconFlax-1-100x100.png 100w, https:\/\/flaxuruguay.com\/web\/wp-content\/uploads\/2020\/07\/cropped-iconFlax-1-400x400.png 400w, https:\/\/flaxuruguay.com\/web\/wp-content\/uploads\/2020\/07\/cropped-iconFlax-1.png 512w\" sizes=\"(max-width: 150px) 100vw, 150px\" \/><\/p>\n<p><strong>Para ser utilizada en productos de envasado manual de hasta 8 kg. de forma horizontal<\/strong><br \/>\nCierra bolsas a una velocidad de 0 a 10 metros por minuto con un sellado excelente y puede fechar al mismo tiempo con tinta indeleble.<\/p>\n<p>\u00b7\u00a0\u00a0\u00a0\u00a0\u00a0\u00a0 Estructura de acero inoxidable<br \/>\n\u00b7\u00a0\u00a0\u00a0\u00a0\u00a0\u00a0 Ideal para sellar todo tipo de materiales.<br \/>\n\u00b7\u00a0\u00a0\u00a0\u00a0\u00a0\u00a0\u00a0Control digital de temperatura para las mordazas de sellado<br \/>\n\u00b7\u00a0\u00a0\u00a0\u00a0\u00a0\u00a0\u00a0F\u00e1cil regulaci\u00f3n en altura del cabezal y cinta transportadora<br \/>\n\u00b7\u00a0\u00a0\u00a0\u00a0\u00a0\u00a0 Imprime hasta tres l\u00edneas. (dependiendo del tama\u00f1o del cu\u00f1o)<br \/>\n\u00b7\u00a0\u00a0\u00a0\u00a0\u00a0\u00a0 Sellado perfecto de 10mm de ancho<br \/>\n\u00b7\u00a0\u00a0\u00a0\u00a0\u00a0\u00a0 Velocidad regulable.<br \/>\n\u00b7\u00a0\u00a0\u00a0\u00a0\u00a0\u00a0 Posee ruedas para su f\u00e1cil traslado.<br \/>\n\u00b7\u00a0\u00a0\u00a0\u00a0\u00a0\u00a0 Muy f\u00e1cil de operar.<br \/>\n\u00b7\u00a0\u00a0\u00a0\u00a0\u00a0\u00a0 El mejor rendimiento para las l\u00edneas de producciones manuales.<\/p>\n","protected":false},"excerpt":{"rendered":"<p>SELLADORA DE BOLSA CONTINUA CON FECHADOR HOT-ROLL<\/p>\n","protected":false},"featured_media":753,"comment_status":"closed","ping_status":"closed","template":"","meta":[],"product_brand":[],"product_cat":[52,31,48],"product_tag":[],"class_list":{"0":"post-752","1":"product","2":"type-product","3":"status-publish","4":"has-post-thumbnail","6":"product_cat-flax-cerradoras-de-bolsas-continuas","7":"product_cat-lineas-de-envasado-semi-automatico","8":"product_cat-selladoras-de-bolsas-continuas","10":"first","11":"instock","12":"shipping-taxable","13":"product-type-simple"},"_links":{"self":[{"href":"https:\/\/flaxuruguay.com\/web\/wp-json\/wp\/v2\/product\/752","targetHints":{"allow":["GET"]}}],"collection":[{"href":"https:\/\/flaxuruguay.com\/web\/wp-json\/wp\/v2\/product"}],"about":[{"href":"https:\/\/flaxuruguay.com\/web\/wp-json\/wp\/v2\/types\/product"}],"replies":[{"embeddable":true,"href":"https:\/\/flaxuruguay.com\/web\/wp-json\/wp\/v2\/comments?post=752"}],"wp:featuredmedia":[{"embeddable":true,"href":"https:\/\/flaxuruguay.com\/web\/wp-json\/wp\/v2\/media\/753"}],"wp:attachment":[{"href":"https:\/\/flaxuruguay.com\/web\/wp-json\/wp\/v2\/media?parent=752"}],"wp:term":[{"taxonomy":"product_brand","embeddable":true,"href":"https:\/\/flaxuruguay.com\/web\/wp-json\/wp\/v2\/product_brand?post=752"},{"taxonomy":"product_cat","embeddable":true,"href":"https:\/\/flaxuruguay.com\/web\/wp-json\/wp\/v2\/product_cat?post=752"},{"taxonomy":"product_tag","embeddable":true,"href":"https:\/\/flaxuruguay.com\/web\/wp-json\/wp\/v2\/product_tag?post=752"}],"curies":[{"name":"wp","href":"https:\/\/api.w.org\/{rel}","templated":true}]}}